 -r**3 - 3*r**2 + 6*r - 4. List the prime factors of t(b).
2
Suppose 0 = 3*g - 0*g. Suppose m - 4*k + 2 = g, -5*k + 5 = 2*m - 4. What are the prime factors of m?
2
Let l be ((-3)/(-5))/((-2)/(-10)). What are the prime factors of (-12)/(-8)*58/l?
29
Suppose p - 4*p = -2*o - 45, o + 60 = 4*p. List the prime factors of (-3)/(-2)*70/p.
7
Let d be (-12)/20 + (-2)/5. Let x be -25 - (-1 + 2)/d. Let j = -16 - x. What are the prime factors of j?
2
Let x = -2 - -5. Suppose 1 = -n + i - 6*i, 13 = 4*n + x*i. Suppose n = 2*j - 5*h, -2*h = 4*j - 0*j - 8. What are the prime factors of j?
2
Suppose 7*u + 36 = 4*u. Let k be (-230)/6 + 8/u. Let m = -27 - k. List the prime factors of m.
2, 3
Let o(a) = -a**3 + 13*a**2 + 2*a - 10. List the prime factors of o(13).
2
Suppose -4*g + 817 = 5*x, 6*g - 4*g = -4. List the prime factors of x.
3, 5, 11
Let d = 28 - 15. List the prime factors of d.
13
Let m = -99 - -157. List the prime factors of m.
2, 29
Let m be -1 + (-1 - (-3 - -2)). Let p = 1 - m. What are the prime factors of (2/3)/(p/33)?
11
Suppose 2*m - 6*m + 472 = 0. What are the prime factors of m?
2, 59
Let v(i) = -i**3 - 2*i**2 + 2*i + 1. Suppose 19 = -4*x + 3. List the prime factors of v(x).
5
Suppose -20*h - 25 = -25*h. Let b be (1/1 - 0) + -1. Suppose b = -5*m - 4*s - 2, -m = 2*m + h*s + 9. What are the prime factors of m?
2
Let a(x) = -7*x**2 + x + 1. Let m be a(2). Let k(s) = s**2 + 10*s + 3. Let o be k(-10). List the prime factors of 10/15 - m/o.
3
What are the prime factors of ((-8)/12)/((-1)/102)?
2, 17
Suppose 3*i - 91 = -37. Suppose -2*v = -4*v + i. List the prime factors of 276/27 - 2/v.
2, 5
Let z(v) = 1 + v**2 + 2*v - 3 - 1. Let t be z(-4). Suppose p + 16 = t*p. What are the prime factors of p?
2
Let c be 4/((12/63)/2). Suppose 3*j - 35 = 5*q, -5*j + 132 = -2*q + c. What are the prime factors of j?
2, 5
Suppose 10 = k + 13. Let y(h) be the second derivative of -h**5/20 - h**4/4 - 5*h**3/6 - 2*h**2 - h. List the prime factors of y(k).
11
Suppose -23 = -4*v + 21. Let c = -2 + v. List the prime factors of c.
3
Let a(s) = -1 + 2 - s + 2*s. Let m(t) = -4*t + 4. Let k be m(0). What are the prime factors of a(k)?
5
Let w = -21 - -48. List the prime factors of w.
3
Let o(f) = 12*f - 4. Suppose -2*s + 2 = -4. Let x be o(s). Suppose x = 8*n - 4*n. What are the prime factors of n?
2
Suppose -s + 3*y + 14 = -0*y, -y + 21 = 2*s. List the prime factors of s.
11
Let j(i) = -2*i - 7. Let r be j(-5). Suppose a + 20 = r*b, -4*b + 22 = -0*b + a. List the prime factors of b.
2, 3
Let y(o) = o + 6. Let q be y(0). Let m = 2 + -2. Suppose d - q = -m*d. What are the prime factors of d?
2, 3
Suppose 68 + 102 = 5*s + 4*t, -3*t - 75 = -3*s. What are the prime factors of s?
2, 3, 5
Suppose -3*x = -2*x - 5. Suppose r + 1 = 0, -4*f - 8*r + 3*r + 15 = 0. Suppose -f*k + 3*k = x*h - 19, -4*k = -3*h + 1. List the prime factors of k.
2
Let a(w) = 3*w**3 + 3*w**2 + 6. Let y(s) = s**3 + s**2. Let v(h) = a(h) - 4*y(h). Let f be v(0). What are the prime factors of f/9*18/1?
2, 3
Let m(j) = -j**3 - 5*j**2 + 10*j + 6. List the prime factors of m(-7).
2, 17
Let s(q) = q**2 - 8*q - 22. What are the prime factors of s(-7)?
83
Let g = -17 + 27. Suppose g - 37 = -3*b. What are the prime factors of b?
3
Let z = -1 + 9. What are the prime factors of z?
2
Let n be 6/12*(-1 - -1). Suppose n = 3*z + v - 69, 4*z + v = 132 - 41. List the prime factors of z.
2, 11
Let r = -197 + 373. List the prime factors of r.
2, 11
Suppose 4*t + 0 - 12 = 0. Suppose 58 - 13 = -3*u. List the prime factors of ((-14)/t)/(10/u).
7
Let z(h) be the third derivative of 2*h**5/15 + h**4/12 + h**3/6 + 2*h**2. List the prime factors of z(-1).
7
Let t = 69 + -40. Suppose 5 - t = -4*u. Let n = -2 + u. List the prime factors of n.
2
Let n = 56 + -34. What are the prime factors of n?
2, 11
Suppose -5*g + 63 = 4*z, 2*g - 58 + 19 = 3*z. What are the prime factors of g?
3, 5
Suppose -4*z = -2*p - 0*p + 32, 36 = 4*p - z. Let a = -16 - p. Let t = -5 - a. What are the prime factors of t?
19
Let w(p) = -2*p - 13. Suppose 0*u - 2*u - 18 = 0. Let d be w(u). What are the prime factors of d*((-72)/15)/(-4)?
2, 3
Let n(a) = 3*a - 27. What are the prime factors of n(14)?
3, 5
Suppose 0 = -2*y + 5*p + 3 - 0, 0 = 3*y - 4*p + 6. Let u(j) be the third derivative of -j**4/12 - j**3/2 - 2*j**2. What are the prime factors of u(y)?
3
Suppose 4*l - 31 + 7 = 0. Let d(a) = 6*a**3 - 10*a**3 + a + 10*a**2 + 3*a**3 - 4*a**2. List the prime factors of d(l).
2, 3
Let b(j) = j + 1. Let n(z) = 4*z + 16. Let a(u) = 2*b(u) - n(u). Let l be a(-10). Suppose -q + l = 1. What are the prime factors of q?
5
Let l be 0 - -1 - (7 - 8). Suppose 5*k - 133 = l. List the prime factors of k.
3
Suppose 3*k - 11 = -s - 0*k, -2*s - 2*k + 2 = 0. Let p be s/(12/45)*-1. What are the prime factors of (-17)/(-5) - 6/p?
3
Let k = 53 + 37. List the prime factors of k.
2, 3, 5
Let h(n) = 8*n + 5. Let p(d) = 23*d + 15. Let j(x) = -17*h(x) + 6*p(x). Let r be j(-6). Let z = r - -15. What are the prime factors of z?
2
Suppose -4*g + 62 = -14. Suppose -3*f + 5 = -5*t, -t - g = f + 2*f. Let c = 1 - f. What are the prime factors of c?
2, 3
What are the prime factors of 0/(-3)*1 - -66?
2, 3, 11
Let h(c) = -3 + 6*c + 5*c - 6*c. What are the prime factors of h(3)?
2, 3
Let v = 3 + -1. Suppose 31 + v = k. Suppose -y = -4*y + k. What are the prime factors of y?
11
Let m(h) = -h**2 + 18*h - 5. List the prime factors of m(7).
2, 3
Suppose -2*x + x = -3*p - 25, -4*x + 135 = -5*p. What are the prime factors of x?
2, 5
List the prime factors of 4380/45 + (-1)/3.
97
List the prime factors of (-212)/(-5) - 2/5.
2, 3, 7
Let w(j) = -1 - 2*j + j**2 - 2*j**2 + 0 - 9*j**3. Let k(h) = h**2 - 5*h + 5. Let u be k(2). List the prime factors of w(u).
3
Let m = 3 - 0. Suppose m*j - 16 = -5*n, -2*j - 19 = -2*n + j. Suppose -n = -2*q + 1. List the prime factors of q.
3
Let c = 78 - 24. Suppose -3*u - 7 = -4, 0 = -3*m - 3*u + c. List the prime factors of m.
19
Let z(l) = 3*l - 1. Suppose 0 = -x + 5 - 1. List the prime factors of z(x).
11
Let y be 0 + (3 - 1) + 1. What are the prime factors of y/(12/104) - 2?
2, 3
Let q be (-40)/6*12/(-10). Let w = -5 + q. Suppose 19 = 4*o + w*j, 2*o + 3*j - 9 = 2*j. List the prime factors of o.
2
Let v(w) = 2*w - 10. Let k be v(7). Suppose -k*j - 51 - 9 = 0. Let b = -5 - j. What are the prime factors of b?
2, 5
Let p be 1/3 - 16/(-6). Suppose 22 = 3*z - j, 0*z = p*z + 3*j - 6. List the prime factors of z.
2, 3
List the prime factors of ((-48)/(-20))/((-3)/(-70)).
2, 7
Suppose 6*s = 4*s + 20. List the prime factors of s.
2, 5
Let d = -7 - -29. List the prime factors of d.
2, 11
Suppose 0 = g + 5*g + 108. Let m = -11 - g. List the prime factors of m.
7
Suppose -5*t - g + 41 = 0, -g = 2*t - 20 + 3. Suppose -t - 7 = u. What are the prime factors of (54/u)/((-6)/15)?
3
Let w(c) = c - 1. Let r(v) = -2*v - 2. Let g(n) = r(n) - w(n). Suppose 4*l = -13 + 1. List the prime factors of g(l).
2
Let l = 105 - -31. List the prime factors of l.
2, 17
Suppose 2*y + 15 = -3*y, 29 = 5*s - 3*y. Let x(v) = v - 2 + 0 + 4*v - 3*v. List the prime factors of x(s).
2, 3
Let u be -3 + 3 + -4 - -8. Suppose -112 = o - 5*o - w, -u*o = 4*w - 112. List the prime factors of o.
2, 7
Suppose 0*p = -3*p + 9. Suppose 10 = p*c - c. List the prime factors of c.
5
Let s be (-2)/(0 - (-2)/2). Let j(d) = -d + 13. Let m be j(12). List the prime factors of m + (s - -1) + 2.
2
Let y be 2 - ((-3)/1)/3. Suppose 9 = w + y*a, 2*w - a - 11 = -0*w. What are the prime factors of (w/15)/(1/30)?
2, 3
Suppose -3*n + 290 = 86. Suppose -74 = -5*i - 2*o, 5*i - o = -0*o + n. List the prime factors of i.
2, 7
Let j = -4 - -4. Suppose -5*z + 4*z + p - 8 = j, -3*z + 5*p = 34. What are the prime factors of (z/(-4))/((-3)/(-12))?
3
Let a = 357 + -237. Suppose -u - 4*u = -a. List the prime factors of u.
2, 3
Suppose 3*m + 12 = 4*w, -16 = w - 0*m + 4*m. Suppose -4*d - 2*b = w, -4*d + 6*b = 4*b - 16. What are the prime factors of d?
2
Suppose 4*s = 136 + 92. List the prime factors of s.
3, 19
Suppose -4096 = -7*d - 9*d. List the prime factors of d.
2
Suppose -z = 3*z. Let u = z + 10. What are the prime factors of u?
2, 5
Suppose 4*s + 24 = -32. Let l be 3/(-9) + s/(-6). Suppose 0 = -l*x + x + 10. What are the prime factors of x?
2, 5
Let n(y) = 